{"id":34,"date":"2023-01-06T19:59:44","date_gmt":"2023-01-06T19:59:44","guid":{"rendered":"http:\/\/www.feketetetofedes.hu\/?page_id=34"},"modified":"2023-11-21T18:49:20","modified_gmt":"2023-11-21T18:49:20","slug":"rolunk","status":"publish","type":"page","link":"http:\/\/www.feketetetofedes.hu\/?page_id=34","title":{"rendered":"R\u00f3lunk"},"content":{"rendered":"\n<div class=\"wp-block-columns is-layout-flex wp-container-core-columns-is-layout-9d6595d7 wp-block-columns-is-layout-flex\">\n<div class=\"wp-block-column is-layout-flow wp-block-column-is-layout-flow\" style=\"flex-basis:33.33%\">\n<figure class=\"wp-block-image size-large\"><img loading=\"lazy\" decoding=\"async\" width=\"886\" height=\"1024\" src=\"http:\/\/www.feketetetofedes.hu\/wp-content\/uploads\/2023\/02\/pisti_profil-1-886x1024.jpg\" alt=\"\" class=\"wp-image-122\" srcset=\"http:\/\/www.feketetetofedes.hu\/wp-content\/uploads\/2023\/02\/pisti_profil-1-886x1024.jpg 886w, http:\/\/www.feketetetofedes.hu\/wp-content\/uploads\/2023\/02\/pisti_profil-1-260x300.jpg 260w, http:\/\/www.feketetetofedes.hu\/wp-content\/uploads\/2023\/02\/pisti_profil-1-768x887.jpg 768w, http:\/\/www.feketetetofedes.hu\/wp-content\/uploads\/2023\/02\/pisti_profil-1-600x693.jpg 600w, http:\/\/www.feketetetofedes.hu\/wp-content\/uploads\/2023\/02\/pisti_profil-1-52x60.jpg 52w, http:\/\/www.feketetetofedes.hu\/wp-content\/uploads\/2023\/02\/pisti_profil-1-78x90.jpg 78w, http:\/\/www.feketetetofedes.hu\/wp-content\/uploads\/2023\/02\/pisti_profil-1.jpg 1152w\" sizes=\"auto, (max-width: 886px) 100vw, 886px\" \/><\/figure>\n<\/div>\n\n\n\n<div class=\"wp-block-column is-layout-flow wp-block-column-is-layout-flow\" style=\"flex-basis:66.66%\">\n<p>Tisztelt L\u00e1togat\u00f3k!<\/p>\n\n\n\n<p>A nevem Fekete Istv\u00e1n. M\u00e1r eg\u00e9sz kor\u00e1n, 16 \u00e9ves koromt\u00f3l kezdve elkezdtem famunk\u00e1kkal foglalkozni.<\/p>\n\n\n\n<p>\u00c1lland\u00f3 \u00e9s \u00f6sszeszokott csapatommal \u00e1llunk a rendelkez\u00e9sre ak\u00e1r \u00faj tet\u0151 kivitelez\u00e9s\u00e9r\u0151l, ak\u00e1r megl\u00e9v\u0151 tet\u0151 fel\u00faj\u00edt\u00e1s\u00e1r\u00f3l van sz\u00f3. Filag\u00f3ria vagy el\u0151tet\u0151 kivitelez\u00e9s\u00e9ben is sz\u00e1m\u00edthat r\u00e1nk.<\/p>\n\n\n\n<p>A telephely\u00fcnk Ibr\u00e1nyban tal\u00e1lhat\u00f3, de Szabolcs-Szatm\u00e1r-Bereg, Hajd\u00fa \u00e9s Borsod megye teljes ter\u00fclet\u00e9n tudunk kivitelez\u00e9si munk\u00e1kat v\u00e1llalni.<\/p>\n\n\n\n<p>B\u00e1rmilyen k\u00e9rd\u00e9s eset\u00e9n keressen a kapcsolatok k\u00f6z\u00f6tt megadott el\u00e9rhet\u0151s\u00e9geimen!     <\/p>\n<\/div>\n<\/div>\n","protected":false},"excerpt":{"rendered":"<p>Tisztelt L\u00e1togat\u00f3k! A nevem Fekete Istv\u00e1n. M\u00e1r eg\u00e9sz kor\u00e1n, 16 \u00e9ves koromt\u00f3l kezdve elkezdtem famunk\u00e1kkal foglalkozni. \u00c1lland\u00f3 \u00e9s \u00f6sszeszokott csapatommal \u00e1llunk a rendelkez\u00e9sre ak\u00e1r \u00faj tet\u0151 kivitelez\u00e9s\u00e9r\u0151l, ak\u00e1r megl\u00e9v\u0151 tet\u0151 fel\u00faj\u00edt\u00e1s\u00e1r\u00f3l van sz\u00f3. Filag\u00f3ria vagy el\u0151tet\u0151 kivitelez\u00e9s\u00e9ben is sz\u00e1m\u00edthat r\u00e1nk. A telephely\u00fcnk Ibr\u00e1nyban tal\u00e1lhat\u00f3, de Szabolcs-Szatm\u00e1r-Bereg, Hajd\u00fa \u00e9s Borsod megye teljes ter\u00fclet\u00e9n tudunk kivitelez\u00e9si munk\u00e1kat&hellip;&nbsp;<a href=\"http:\/\/www.feketetetofedes.hu\/?page_id=34\" class=\"\" rel=\"bookmark\">Read More &raquo;<span class=\"screen-reader-text\">R\u00f3lunk<\/span><\/a><\/p>\n","protected":false},"author":1,"featured_media":0,"parent":0,"menu_order":0,"comment_status":"closed","ping_status":"closed","template":"","meta":{"om_disable_all_campaigns":false,"_mi_skip_tracking":false,"neve_meta_sidebar":"","neve_meta_container":"","neve_meta_enable_content_width":"","neve_meta_content_width":0,"neve_meta_title_alignment":"","neve_meta_author_avatar":"","neve_post_elements_order":"","neve_meta_disable_header":"","neve_meta_disable_footer":"","neve_meta_disable_title":"","footnotes":""},"class_list":["post-34","page","type-page","status-publish","hentry"],"aioseo_notices":[],"_links":{"self":[{"href":"http:\/\/www.feketetetofedes.hu\/index.php?rest_route=\/wp\/v2\/pages\/34","targetHints":{"allow":["GET"]}}],"collection":[{"href":"http:\/\/www.feketetetofedes.hu\/index.php?rest_route=\/wp\/v2\/pages"}],"about":[{"href":"http:\/\/www.feketetetofedes.hu\/index.php?rest_route=\/wp\/v2\/types\/page"}],"author":[{"embeddable":true,"href":"http:\/\/www.feketetetofedes.hu\/index.php?rest_route=\/wp\/v2\/users\/1"}],"replies":[{"embeddable":true,"href":"http:\/\/www.feketetetofedes.hu\/index.php?rest_route=%2Fwp%2Fv2%2Fcomments&post=34"}],"version-history":[{"count":3,"href":"http:\/\/www.feketetetofedes.hu\/index.php?rest_route=\/wp\/v2\/pages\/34\/revisions"}],"predecessor-version":[{"id":152,"href":"http:\/\/www.feketetetofedes.hu\/index.php?rest_route=\/wp\/v2\/pages\/34\/revisions\/152"}],"wp:attachment":[{"href":"http:\/\/www.feketetetofedes.hu\/index.php?rest_route=%2Fwp%2Fv2%2Fmedia&parent=34"}],"curies":[{"name":"wp","href":"https:\/\/api.w.org\/{rel}","templated":true}]}}

Rólunk

<div class="wp-block-columns is-layout-flex wp-container-core-columns-is-layout-9d6595d7 wp-block-columns-is-layout-flex">
<div class="wp-block-column is-layout-flow wp-block-column-is-layout-flow" style="flex-basis:33.33%">
<figure class="wp-block-image size-large"><img loading="lazy" decoding="async" width="886" height="1024" src="http://www.feketetetofedes.hu/wp-content/uploads/2023/02/pisti_profil-1-886x1024.jpg" alt="" class="wp-image-122" srcset="http://www.feketetetofedes.hu/wp-content/uploads/2023/02/pisti_profil-1-886x1024.jpg 886w, http://www.feketetetofedes.hu/wp-content/uploads/2023/02/pisti_profil-1-260x300.jpg 260w, http://www.feketetetofedes.hu/wp-content/uploads/2023/02/pisti_profil-1-768x887.jpg 768w, http://www.feketetetofedes.hu/wp-content/uploads/2023/02/pisti_profil-1-600x693.jpg 600w, http://www.feketetetofedes.hu/wp-content/uploads/2023/02/pisti_profil-1-52x60.jpg 52w, http://www.feketetetofedes.hu/wp-content/uploads/2023/02/pisti_profil-1-78x90.jpg 78w, http://www.feketetetofedes.hu/wp-content/uploads/2023/02/pisti_profil-1.jpg 1152w" sizes="auto, (max-width: 886px) 100vw, 886px" /></figure>
</div>



<div class="wp-block-column is-layout-flow wp-block-column-is-layout-flow" style="flex-basis:66.66%">
<p>Tisztelt Látogatók!</p>



<p>A nevem Fekete István. Már egész korán, 16 éves koromtól kezdve elkezdtem famunkákkal foglalkozni.</p>



<p>Állandó és összeszokott csapatommal állunk a rendelkezésre akár új tető kivitelezéséről, akár meglévő tető felújításáról van szó. Filagória vagy előtető kivitelezésében is számíthat ránk.</p>



<p>A telephelyünk Ibrányban található, de Szabolcs-Szatmár-Bereg, Hajdú és Borsod megye teljes területén tudunk kivitelezési munkákat vállalni.</p>



<p>Bármilyen kérdés esetén keressen a kapcsolatok között megadott elérhetőségeimen!     </p>
</div>
</div>

<p>Tisztelt Látogatók! A nevem Fekete István. Már egész korán, 16 éves koromtól kezdve elkezdtem famunkákkal foglalkozni. Állandó és összeszokott csapatommal állunk a rendelkezésre akár új tető kivitelezéséről, akár meglévő tető felújításáról van szó. Filagória vagy előtető kivitelezésében is számíthat ránk. A telephelyünk Ibrányban található, de Szabolcs-Szatmár-Bereg, Hajdú és Borsod megye teljes területén tudunk kivitelezési munkákat&hellip;&nbsp;<a href="http://www.feketetetofedes.hu/?page_id=34" class="" rel="bookmark">Read More &raquo;<span class="screen-reader-text">Rólunk</span></a></p>
