{"id":35,"date":"2023-01-06T19:59:44","date_gmt":"2023-01-06T19:59:44","guid":{"rendered":"http:\/\/www.feketetetofedes.hu\/?page_id=35"},"modified":"2023-02-26T20:59:21","modified_gmt":"2023-02-26T20:59:21","slug":"tetofedes","status":"publish","type":"page","link":"http:\/\/www.feketetetofedes.hu\/?page_id=35","title":{"rendered":"Tet\u0151fed\u00e9s"},"content":{"rendered":"\n<p>V\u00e1llaljuk csal\u00e1di h\u00e1zak, k\u00f6zint\u00e9zm\u00e9nyek, t\u00e1rsash\u00e1zak tet\u0151fed\u00e9s\u00e9t. R\u00e9gi tet\u0151k fel\u00faj\u00edt\u00e1s\u00e1t. A felhaszn\u00e1lhat\u00f3 anyagok sz\u00e9les sk\u00e1l\u00e1j\u00e1val dolgozunk. Legyen sz\u00f3 ak\u00e1r ker\u00e1mia vagy betoncser\u00e9pr\u0151l. V\u00e1laszthat\u00f3 ak\u00e1r cserepes vagy trap\u00e9zlemez vagy ak\u00e1r zsindelyfed\u00e9s is. A megrendel\u0151i ig\u00e9nyek alapj\u00e1n ak\u00e1r a megl\u00e9v\u0151 palatet\u0151 fed\u00e9s\u00e9vel is megoldhat\u00f3 a tet\u0151 fel\u00faj\u00edt\u00e1sa.<\/p>\n\n\n\n<p>A szakmai tapasztalatom alapj\u00e1n mindig t\u00e1mogatom a megrendel\u0151t a legel\u0151ny\u00f6sebb, legbiztons\u00e1gosabb \u00e9s legk\u00f6lts\u00e9ghat\u00e9konyabb megold\u00e1s kiv\u00e1laszt\u00e1s\u00e1ban. Tapasztalt \u00e9s hossz\u00fa id\u0151 alatt \u00f6sszeszokott csapatommal kiemelked\u0151 min\u0151s\u00e9gben \u00e9s hat\u00e1rid\u0151re elv\u00e9gezz\u00fck ak\u00e1r a megl\u00e9v\u0151 tet\u0151 fel\u00faj\u00edt\u00e1s\u00e1t ak\u00e1r egy \u00faj tet\u0151 kivitelez\u00e9s\u00e9t is.<\/p>\n\n\n\n<p>Partnereinkkel a tet\u0151fel\u00faj\u00edt\u00e1shoz sz\u00fcks\u00e9ges b\u00e1dogosmunk\u00e1k elv\u00e9gz\u00e9s\u00e9ben is tudunk seg\u00edteni, \u00edgy a teljes tet\u0151 kivitelez\u00e9s\u00e9t vagy fel\u00faj\u00edt\u00e1s\u00e1t egy k\u00e9zben tudjuk tartani. Nem sz\u00fcks\u00e9ges \u00f6nnek k\u00fcl\u00f6n b\u00e1dogos v\u00e1llalkoz\u00f3t keresni az ereszcsatorna vagy a tet\u0151h\u00f6z sz\u00fcks\u00e9ges f\u00e9mszerelv\u00e9nyek elk\u00e9sz\u00edt\u00e9s\u00e9hez. Ennek koordin\u00e1l\u00e1s\u00e1t nyugodtan r\u00e1nk b\u00edzhatja.<\/p>\n\n\n\n<p>Alapvet\u0151en Ibr\u00e1ny, Ny\u00edregyh\u00e1za \u00e9s Szabolcs-Szatm\u00e1r-Bereg megye ter\u00fclet\u00e9n dolgozunk, de ig\u00e9ny szerint Borsod vagy Hajd\u00fa megye ter\u00fclet\u00e9n is v\u00e1llalunk munk\u00e1kat. <\/p>\n\n\n\n<p>Tet\u0151fed\u00e9ssel vagy fel\u00faj\u00edt\u00e1ssal kapcsolatban b\u00e1tran gondoljon r\u00e1nk \u00e9s vegye fel vel\u00fcnk a kapcsolatot!      <\/p>\n","protected":false},"excerpt":{"rendered":"<p>V\u00e1llaljuk csal\u00e1di h\u00e1zak, k\u00f6zint\u00e9zm\u00e9nyek, t\u00e1rsash\u00e1zak tet\u0151fed\u00e9s\u00e9t. R\u00e9gi tet\u0151k fel\u00faj\u00edt\u00e1s\u00e1t. A felhaszn\u00e1lhat\u00f3 anyagok sz\u00e9les sk\u00e1l\u00e1j\u00e1val dolgozunk. Legyen sz\u00f3 ak\u00e1r ker\u00e1mia vagy betoncser\u00e9pr\u0151l. V\u00e1laszthat\u00f3 ak\u00e1r cserepes vagy trap\u00e9zlemez vagy ak\u00e1r zsindelyfed\u00e9s is. A megrendel\u0151i ig\u00e9nyek alapj\u00e1n ak\u00e1r a megl\u00e9v\u0151 palatet\u0151 fed\u00e9s\u00e9vel is megoldhat\u00f3 a tet\u0151 fel\u00faj\u00edt\u00e1sa. A szakmai tapasztalatom alapj\u00e1n mindig t\u00e1mogatom a megrendel\u0151t a legel\u0151ny\u00f6sebb, legbiztons\u00e1gosabb&hellip;&nbsp;<a href=\"http:\/\/www.feketetetofedes.hu\/?page_id=35\" class=\"\" rel=\"bookmark\">Read More &raquo;<span class=\"screen-reader-text\">Tet\u0151fed\u00e9s<\/span><\/a><\/p>\n","protected":false},"author":1,"featured_media":0,"parent":0,"menu_order":0,"comment_status":"closed","ping_status":"closed","template":"","meta":{"om_disable_all_campaigns":false,"_mi_skip_tracking":false,"neve_meta_sidebar":"","neve_meta_container":"","neve_meta_enable_content_width":"","neve_meta_content_width":0,"neve_meta_title_alignment":"","neve_meta_author_avatar":"","neve_post_elements_order":"","neve_meta_disable_header":"","neve_meta_disable_footer":"","neve_meta_disable_title":"","footnotes":""},"class_list":["post-35","page","type-page","status-publish","hentry"],"aioseo_notices":[],"_links":{"self":[{"href":"http:\/\/www.feketetetofedes.hu\/index.php?rest_route=\/wp\/v2\/pages\/35","targetHints":{"allow":["GET"]}}],"collection":[{"href":"http:\/\/www.feketetetofedes.hu\/index.php?rest_route=\/wp\/v2\/pages"}],"about":[{"href":"http:\/\/www.feketetetofedes.hu\/index.php?rest_route=\/wp\/v2\/types\/page"}],"author":[{"embeddable":true,"href":"http:\/\/www.feketetetofedes.hu\/index.php?rest_route=\/wp\/v2\/users\/1"}],"replies":[{"embeddable":true,"href":"http:\/\/www.feketetetofedes.hu\/index.php?rest_route=%2Fwp%2Fv2%2Fcomments&post=35"}],"version-history":[{"count":4,"href":"http:\/\/www.feketetetofedes.hu\/index.php?rest_route=\/wp\/v2\/pages\/35\/revisions"}],"predecessor-version":[{"id":134,"href":"http:\/\/www.feketetetofedes.hu\/index.php?rest_route=\/wp\/v2\/pages\/35\/revisions\/134"}],"wp:attachment":[{"href":"http:\/\/www.feketetetofedes.hu\/index.php?rest_route=%2Fwp%2Fv2%2Fmedia&parent=35"}],"curies":[{"name":"wp","href":"https:\/\/api.w.org\/{rel}","templated":true}]}}

Tetőfedés

<p>Vállaljuk családi házak, közintézmények, társasházak tetőfedését. Régi tetők felújítását. A felhasználható anyagok széles skálájával dolgozunk. Legyen szó akár kerámia vagy betoncserépről. Választható akár cserepes vagy trapézlemez vagy akár zsindelyfedés is. A megrendelői igények alapján akár a meglévő palatető fedésével is megoldható a tető felújítása.</p>



<p>A szakmai tapasztalatom alapján mindig támogatom a megrendelőt a legelőnyösebb, legbiztonságosabb és legköltséghatékonyabb megoldás kiválasztásában. Tapasztalt és hosszú idő alatt összeszokott csapatommal kiemelkedő minőségben és határidőre elvégezzük akár a meglévő tető felújítását akár egy új tető kivitelezését is.</p>



<p>Partnereinkkel a tetőfelújításhoz szükséges bádogosmunkák elvégzésében is tudunk segíteni, így a teljes tető kivitelezését vagy felújítását egy kézben tudjuk tartani. Nem szükséges önnek külön bádogos vállalkozót keresni az ereszcsatorna vagy a tetőhöz szükséges fémszerelvények elkészítéséhez. Ennek koordinálását nyugodtan ránk bízhatja.</p>



<p>Alapvetően Ibrány, Nyíregyháza és Szabolcs-Szatmár-Bereg megye területén dolgozunk, de igény szerint Borsod vagy Hajdú megye területén is vállalunk munkákat. </p>



<p>Tetőfedéssel vagy felújítással kapcsolatban bátran gondoljon ránk és vegye fel velünk a kapcsolatot!      </p>

<p>Vállaljuk családi házak, közintézmények, társasházak tetőfedését. Régi tetők felújítását. A felhasználható anyagok széles skálájával dolgozunk. Legyen szó akár kerámia vagy betoncserépről. Választható akár cserepes vagy trapézlemez vagy akár zsindelyfedés is. A megrendelői igények alapján akár a meglévő palatető fedésével is megoldható a tető felújítása. A szakmai tapasztalatom alapján mindig támogatom a megrendelőt a legelőnyösebb, legbiztonságosabb&hellip;&nbsp;<a href="http://www.feketetetofedes.hu/?page_id=35" class="" rel="bookmark">Read More &raquo;<span class="screen-reader-text">Tetőfedés</span></a></p>
