{"id":71,"date":"2023-01-06T20:35:31","date_gmt":"2023-01-06T20:35:31","guid":{"rendered":"http:\/\/www.feketetetofedes.hu\/?page_id=71"},"modified":"2023-02-26T17:46:13","modified_gmt":"2023-02-26T17:46:13","slug":"kezdolap","status":"publish","type":"page","link":"http:\/\/www.feketetetofedes.hu\/","title":{"rendered":"Fekete Istv\u00e1n &#8211; Tet\u0151fed\u00e9s &#8211; \u00c1csmunk\u00e1k"},"content":{"rendered":"\n<p>Ibr\u00e1ny &#8211; Ny\u00edregyh\u00e1za &#8211; Szabolcs Szatm\u00e1r Bereg Megye<\/p>\n\n\n\n<div class=\"wp-block-columns is-layout-flex wp-container-core-columns-is-layout-9d6595d7 wp-block-columns-is-layout-flex\">\n<div class=\"wp-block-column is-layout-flow wp-block-column-is-layout-flow\" style=\"flex-basis:33.34%\"><div class=\"wp-block-image\">\n<figure class=\"aligncenter size-large\"><img loading=\"lazy\" decoding=\"async\" width=\"1024\" height=\"936\" src=\"http:\/\/www.feketetetofedes.hu\/wp-content\/uploads\/2023\/02\/teto1-1024x936.jpg\" alt=\"\" class=\"wp-image-113\" srcset=\"http:\/\/www.feketetetofedes.hu\/wp-content\/uploads\/2023\/02\/teto1-1024x936.jpg 1024w, http:\/\/www.feketetetofedes.hu\/wp-content\/uploads\/2023\/02\/teto1-300x274.jpg 300w, http:\/\/www.feketetetofedes.hu\/wp-content\/uploads\/2023\/02\/teto1-768x702.jpg 768w, http:\/\/www.feketetetofedes.hu\/wp-content\/uploads\/2023\/02\/teto1-1536x1403.jpg 1536w, http:\/\/www.feketetetofedes.hu\/wp-content\/uploads\/2023\/02\/teto1-600x548.jpg 600w, http:\/\/www.feketetetofedes.hu\/wp-content\/uploads\/2023\/02\/teto1-66x60.jpg 66w, http:\/\/www.feketetetofedes.hu\/wp-content\/uploads\/2023\/02\/teto1-98x90.jpg 98w, http:\/\/www.feketetetofedes.hu\/wp-content\/uploads\/2023\/02\/teto1.jpg 1808w\" sizes=\"auto, (max-width: 1024px) 100vw, 1024px\" \/><\/figure>\n<\/div><\/div>\n\n\n\n<div class=\"wp-block-column is-layout-flow wp-block-column-is-layout-flow\" style=\"flex-basis:33.34%\">\n<figure class=\"wp-block-image size-large\"><img loading=\"lazy\" decoding=\"async\" width=\"1024\" height=\"925\" src=\"http:\/\/www.feketetetofedes.hu\/wp-content\/uploads\/2023\/02\/teto2-1024x925.jpg\" alt=\"\" class=\"wp-image-115\" srcset=\"http:\/\/www.feketetetofedes.hu\/wp-content\/uploads\/2023\/02\/teto2-1024x925.jpg 1024w, http:\/\/www.feketetetofedes.hu\/wp-content\/uploads\/2023\/02\/teto2-300x271.jpg 300w, http:\/\/www.feketetetofedes.hu\/wp-content\/uploads\/2023\/02\/teto2-768x694.jpg 768w, http:\/\/www.feketetetofedes.hu\/wp-content\/uploads\/2023\/02\/teto2-1536x1387.jpg 1536w, http:\/\/www.feketetetofedes.hu\/wp-content\/uploads\/2023\/02\/teto2-600x542.jpg 600w, http:\/\/www.feketetetofedes.hu\/wp-content\/uploads\/2023\/02\/teto2-66x60.jpg 66w, http:\/\/www.feketetetofedes.hu\/wp-content\/uploads\/2023\/02\/teto2-100x90.jpg 100w, http:\/\/www.feketetetofedes.hu\/wp-content\/uploads\/2023\/02\/teto2.jpg 1819w\" sizes=\"auto, (max-width: 1024px) 100vw, 1024px\" \/><\/figure>\n<\/div>\n\n\n\n<div class=\"wp-block-column is-layout-flow wp-block-column-is-layout-flow\" style=\"flex-basis:33.33%\">\n<figure class=\"wp-block-image size-large\"><img loading=\"lazy\" decoding=\"async\" width=\"1024\" height=\"925\" src=\"http:\/\/www.feketetetofedes.hu\/wp-content\/uploads\/2023\/02\/teto3-1-1024x925.jpg\" alt=\"\" class=\"wp-image-118\" srcset=\"http:\/\/www.feketetetofedes.hu\/wp-content\/uploads\/2023\/02\/teto3-1-1024x925.jpg 1024w, http:\/\/www.feketetetofedes.hu\/wp-content\/uploads\/2023\/02\/teto3-1-300x271.jpg 300w, http:\/\/www.feketetetofedes.hu\/wp-content\/uploads\/2023\/02\/teto3-1-768x694.jpg 768w, http:\/\/www.feketetetofedes.hu\/wp-content\/uploads\/2023\/02\/teto3-1-1536x1387.jpg 1536w, http:\/\/www.feketetetofedes.hu\/wp-content\/uploads\/2023\/02\/teto3-1-600x542.jpg 600w, http:\/\/www.feketetetofedes.hu\/wp-content\/uploads\/2023\/02\/teto3-1-66x60.jpg 66w, http:\/\/www.feketetetofedes.hu\/wp-content\/uploads\/2023\/02\/teto3-1-100x90.jpg 100w, http:\/\/www.feketetetofedes.hu\/wp-content\/uploads\/2023\/02\/teto3-1.jpg 1819w\" sizes=\"auto, (max-width: 1024px) 100vw, 1024px\" \/><\/figure>\n<\/div>\n<\/div>\n","protected":false},"excerpt":{"rendered":"<p>Ibr\u00e1ny &#8211; Ny\u00edregyh\u00e1za &#8211; Szabolcs Szatm\u00e1r Bereg Megye<\/p>\n","protected":false},"author":1,"featured_media":0,"parent":0,"menu_order":0,"comment_status":"closed","ping_status":"closed","template":"","meta":{"om_disable_all_campaigns":false,"_mi_skip_tracking":false,"neve_meta_sidebar":"","neve_meta_container":"","neve_meta_enable_content_width":"","neve_meta_content_width":0,"neve_meta_title_alignment":"","neve_meta_author_avatar":"","neve_post_elements_order":"","neve_meta_disable_header":"","neve_meta_disable_footer":"","neve_meta_disable_title":"","footnotes":""},"class_list":["post-71","page","type-page","status-publish","hentry"],"aioseo_notices":[],"_links":{"self":[{"href":"http:\/\/www.feketetetofedes.hu\/index.php?rest_route=\/wp\/v2\/pages\/71","targetHints":{"allow":["GET"]}}],"collection":[{"href":"http:\/\/www.feketetetofedes.hu\/index.php?rest_route=\/wp\/v2\/pages"}],"about":[{"href":"http:\/\/www.feketetetofedes.hu\/index.php?rest_route=\/wp\/v2\/types\/page"}],"author":[{"embeddable":true,"href":"http:\/\/www.feketetetofedes.hu\/index.php?rest_route=\/wp\/v2\/users\/1"}],"replies":[{"embeddable":true,"href":"http:\/\/www.feketetetofedes.hu\/index.php?rest_route=%2Fwp%2Fv2%2Fcomments&post=71"}],"version-history":[{"count":15,"href":"http:\/\/www.feketetetofedes.hu\/index.php?rest_route=\/wp\/v2\/pages\/71\/revisions"}],"predecessor-version":[{"id":119,"href":"http:\/\/www.feketetetofedes.hu\/index.php?rest_route=\/wp\/v2\/pages\/71\/revisions\/119"}],"wp:attachment":[{"href":"http:\/\/www.feketetetofedes.hu\/index.php?rest_route=%2Fwp%2Fv2%2Fmedia&parent=71"}],"curies":[{"name":"wp","href":"https:\/\/api.w.org\/{rel}","templated":true}]}}